{"id":8973,"date":"2026-02-22T19:15:50","date_gmt":"2026-02-22T18:15:50","guid":{"rendered":"https:\/\/test.wa-wi.pl\/?post_type=product&#038;p=8973"},"modified":"2026-02-22T19:17:58","modified_gmt":"2026-02-22T18:17:58","slug":"kurtko-kamizelka-emo-beige","status":"publish","type":"product","link":"https:\/\/test.wa-wi.pl\/index.php\/produkt\/kurtko-kamizelka-emo-beige\/","title":{"rendered":"Kurtko Kamizelka EMO Beige"},"content":{"rendered":"<p>Kurtka kamizelka 2w1 to praktyczne i nowoczesne rozwi\u0105zanie dla os\u00f3b ceni\u0105cych funkcjonalno\u015b\u0107 i wygod\u0119. Dzi\u0119ki odpinanym r\u0119kawom w szybki spos\u00f3b kurtka zmienia si\u0119 w kamizelk\u0119. \u015aci\u0105gacz w pasie pozwala na indywidualne dopasowanie fasonu do sylwetki.<\/p>\n<p>Wymiary (mierzone na p\u0142asko)<br \/>\nRozmiar S (36)<br \/>\n* D\u0142ugo\u015b\u0107 ca\u0142kowita: 72 cm, szeroko\u015b\u0107 pod pachami: 58 cm x 2, szeroko\u015b\u0107 w talii: 40\u201345 cm x 2<br \/>\nRozmiar M (38)<br \/>\n* D\u0142ugo\u015b\u0107 ca\u0142kowita: 76 cm, szeroko\u015b\u0107 pod pachami: 60 cm x 2, szeroko\u015b\u0107 w talii: 42\u201347 cm x 2<br \/>\nWymiary mog\u0105 r\u00f3\u017cni\u0107 si\u0119 o +\/- 2 cm.<\/p>\n<p>Materia\u0142: 35% wiskoza, 35% poliester, 27% bawe\u0142na, 3%<\/p>\n","protected":false},"excerpt":{"rendered":"<p>Kurtka kamizelka 2w1 to praktyczne i nowoczesne rozwi\u0105zanie dla os\u00f3b ceni\u0105cych funkcjonalno\u015b\u0107 i wygod\u0119. Dzi\u0119ki odpinanym r\u0119kawom w szybki spos\u00f3b kurtka zmienia si\u0119 w kamizelk\u0119. \u015aci\u0105gacz w pasie pozwala na indywidualne dopasowanie fasonu do sylwetki. Wymiary (mierzone na p\u0142asko) Rozmiar S (36) * D\u0142ugo\u015b\u0107 ca\u0142kowita: 72 cm, szeroko\u015b\u0107 pod pachami: 58 cm x 2, szeroko\u015b\u0107 [&hellip;]<\/p>\n","protected":false},"featured_media":8819,"comment_status":"open","ping_status":"closed","template":"","meta":{"_acf_changed":false},"pwb-brand":[],"product_brand":[],"product_cat":[227,177],"product_tag":[],"class_list":{"0":"post-8973","1":"product","2":"type-product","3":"status-publish","4":"has-post-thumbnail","6":"product_cat-kamizelki","7":"product_cat-kurtki","9":"first","10":"instock","11":"taxable","12":"shipping-taxable","13":"purchasable","14":"product-type-variable"},"acf":[],"brands":[],"_links":{"self":[{"href":"https:\/\/test.wa-wi.pl\/index.php\/wp-json\/wp\/v2\/product\/8973","targetHints":{"allow":["GET"]}}],"collection":[{"href":"https:\/\/test.wa-wi.pl\/index.php\/wp-json\/wp\/v2\/product"}],"about":[{"href":"https:\/\/test.wa-wi.pl\/index.php\/wp-json\/wp\/v2\/types\/product"}],"replies":[{"embeddable":true,"href":"https:\/\/test.wa-wi.pl\/index.php\/wp-json\/wp\/v2\/comments?post=8973"}],"wp:featuredmedia":[{"embeddable":true,"href":"https:\/\/test.wa-wi.pl\/index.php\/wp-json\/wp\/v2\/media\/8819"}],"wp:attachment":[{"href":"https:\/\/test.wa-wi.pl\/index.php\/wp-json\/wp\/v2\/media?parent=8973"}],"wp:term":[{"taxonomy":"pwb-brand","embeddable":true,"href":"https:\/\/test.wa-wi.pl\/index.php\/wp-json\/wp\/v2\/pwb-brand?post=8973"},{"taxonomy":"product_brand","embeddable":true,"href":"https:\/\/test.wa-wi.pl\/index.php\/wp-json\/wp\/v2\/product_brand?post=8973"},{"taxonomy":"product_cat","embeddable":true,"href":"https:\/\/test.wa-wi.pl\/index.php\/wp-json\/wp\/v2\/product_cat?post=8973"},{"taxonomy":"product_tag","embeddable":true,"href":"https:\/\/test.wa-wi.pl\/index.php\/wp-json\/wp\/v2\/product_tag?post=8973"}],"curies":[{"name":"wp","href":"https:\/\/api.w.org\/{rel}","templated":true}]}}