{"id":8970,"date":"2026-02-22T19:00:01","date_gmt":"2026-02-22T18:00:01","guid":{"rendered":"https:\/\/test.wa-wi.pl\/?post_type=product&#038;p=8970"},"modified":"2026-02-22T19:07:53","modified_gmt":"2026-02-22T18:07:53","slug":"kurtka-z-baskinka-i-sciagaczem-oliwkowy-szyk-la-milla","status":"publish","type":"product","link":"https:\/\/test.wa-wi.pl\/index.php\/produkt\/kurtka-z-baskinka-i-sciagaczem-oliwkowy-szyk-la-milla\/","title":{"rendered":"Kurtka z Baskink\u0105 i \u015aci\u0105gaczem \u2013 Oliwkowy Szyk La Milla"},"content":{"rendered":"<p>Stylowa kurtka w odcieniu stonowanej oliwki, kt\u00f3ra \u0142\u0105czy elegancj\u0119 z nowoczesnym designem. Model wyr\u00f3\u017cnia si\u0119 mocno zaznaczon\u0105 tali\u0105 z regulowanym \u015bci\u0105gaczem, kt\u00f3ry tworzy efektown\u0105 baskink\u0119 i pi\u0119knie modeluje sylwetk\u0119. Posiada wysoki ko\u0142nierz, zapi\u0119cie na zamek oraz ozdobny detal na r\u0119kawie. Wykonana z komfortowej tkaniny z przewag\u0105 bawe\u0142ny i wiskozy, idealnie sprawdzi si\u0119 jako dope\u0142nienie codziennych i bardziej wyj\u015bciowych stylizacji.<br \/>\n* Sk\u0142ad: Wiskoza, Bawe\u0142na, 5% Elastan<br \/>\n* Rozmiar: Uniwersalny<br \/>\nWymiary (mierzone na p\u0142asko)<br \/>\n* D\u0142ugo\u015b\u0107 ca\u0142kowita: 72 cm<br \/>\n* Szeroko\u015b\u0107 mi\u0119dzy pachami: 55 cm x2<br \/>\n* Szeroko\u015b\u0107 w talii: 38 \u2013 56 cm x2 (regulacja \u015bci\u0105gaczem)<br \/>\n* D\u0142ugo\u015b\u0107 r\u0119kawa od pachy: 44 cm<br \/>\nWymiary mog\u0105 r\u00f3\u017cni\u0107 si\u0119 o +\/- 2 cm.<\/p>\n","protected":false},"excerpt":{"rendered":"<p>Stylowa kurtka w odcieniu stonowanej oliwki, kt\u00f3ra \u0142\u0105czy elegancj\u0119 z nowoczesnym designem. Model wyr\u00f3\u017cnia si\u0119 mocno zaznaczon\u0105 tali\u0105 z regulowanym \u015bci\u0105gaczem, kt\u00f3ry tworzy efektown\u0105 baskink\u0119 i pi\u0119knie modeluje sylwetk\u0119. Posiada wysoki ko\u0142nierz, zapi\u0119cie na zamek oraz ozdobny detal na r\u0119kawie. Wykonana z komfortowej tkaniny z przewag\u0105 bawe\u0142ny i wiskozy, idealnie sprawdzi si\u0119 jako dope\u0142nienie codziennych [&hellip;]<\/p>\n","protected":false},"featured_media":8816,"comment_status":"open","ping_status":"closed","template":"","meta":{"_acf_changed":false},"pwb-brand":[],"product_brand":[],"product_cat":[177,181],"product_tag":[],"class_list":{"0":"post-8970","1":"product","2":"type-product","3":"status-publish","4":"has-post-thumbnail","6":"product_cat-kurtki","7":"product_cat-strona-glowna","9":"first","10":"instock","11":"taxable","12":"shipping-taxable","13":"purchasable","14":"product-type-variable"},"acf":[],"brands":[],"_links":{"self":[{"href":"https:\/\/test.wa-wi.pl\/index.php\/wp-json\/wp\/v2\/product\/8970","targetHints":{"allow":["GET"]}}],"collection":[{"href":"https:\/\/test.wa-wi.pl\/index.php\/wp-json\/wp\/v2\/product"}],"about":[{"href":"https:\/\/test.wa-wi.pl\/index.php\/wp-json\/wp\/v2\/types\/product"}],"replies":[{"embeddable":true,"href":"https:\/\/test.wa-wi.pl\/index.php\/wp-json\/wp\/v2\/comments?post=8970"}],"wp:featuredmedia":[{"embeddable":true,"href":"https:\/\/test.wa-wi.pl\/index.php\/wp-json\/wp\/v2\/media\/8816"}],"wp:attachment":[{"href":"https:\/\/test.wa-wi.pl\/index.php\/wp-json\/wp\/v2\/media?parent=8970"}],"wp:term":[{"taxonomy":"pwb-brand","embeddable":true,"href":"https:\/\/test.wa-wi.pl\/index.php\/wp-json\/wp\/v2\/pwb-brand?post=8970"},{"taxonomy":"product_brand","embeddable":true,"href":"https:\/\/test.wa-wi.pl\/index.php\/wp-json\/wp\/v2\/product_brand?post=8970"},{"taxonomy":"product_cat","embeddable":true,"href":"https:\/\/test.wa-wi.pl\/index.php\/wp-json\/wp\/v2\/product_cat?post=8970"},{"taxonomy":"product_tag","embeddable":true,"href":"https:\/\/test.wa-wi.pl\/index.php\/wp-json\/wp\/v2\/product_tag?post=8970"}],"curies":[{"name":"wp","href":"https:\/\/api.w.org\/{rel}","templated":true}]}}