{"id":8922,"date":"2026-02-22T17:24:59","date_gmt":"2026-02-22T16:24:59","guid":{"rendered":"https:\/\/test.wa-wi.pl\/?post_type=product&#038;p=8922"},"modified":"2026-02-22T17:25:48","modified_gmt":"2026-02-22T16:25:48","slug":"komplet-sztruksowy-velvet","status":"publish","type":"product","link":"https:\/\/test.wa-wi.pl\/index.php\/produkt\/komplet-sztruksowy-velvet\/","title":{"rendered":"Komplet Sztruksowy Velvet"},"content":{"rendered":"<p>Stylowy komplet wykonany z mi\u0119kkiego, bawe\u0142nianego sztruksu. Bluza o lu\u017anym kroju z obni\u017con\u0105 lini\u0105 ramion pi\u0119knie uk\u0142ada si\u0119 na sylwetce, a spodnie z elastyczn\u0105 gumk\u0105 w pasie gwarantuj\u0105 wygod\u0119 i swobod\u0119 ruch\u00f3w. Idealny wyb\u00f3r na codzienne stylizacje w modnym, minimalistycznym wydaniu.<br \/>\nSk\u0142ad: 95% bawe\u0142na.<br \/>\nBluza<br \/>\n* D\u0142ugo\u015b\u0107 ca\u0142kowita: 40 cm<br \/>\n* Obw\u00f3d w biu\u015bcie: 120 cm<br \/>\n* Obw\u00f3d w pasie: od 66 cm do 140 cm<br \/>\n* D\u0142ugo\u015b\u0107 r\u0119kawa od pachy: 38 cm<br \/>\nSpodnie<br \/>\n* D\u0142ugo\u015b\u0107 ca\u0142kowita: 107 cm<br \/>\n* D\u0142ugo\u015b\u0107 nogawki: 81 cm<br \/>\n* Wysoko\u015b\u0107 stanu: 26 cm<br \/>\n* Obw\u00f3d w pasie: od 66 cm do 120 cm<br \/>\n* Obw\u00f3d w biodrach: 116 cm<br \/>\nUwaga: Poszczeg\u00f3lne wymiary mog\u0105 r\u00f3\u017cni\u0107 si\u0119 +\/- 2 cm.<\/p>\n","protected":false},"excerpt":{"rendered":"<p>Stylowy komplet wykonany z mi\u0119kkiego, bawe\u0142nianego sztruksu. Bluza o lu\u017anym kroju z obni\u017con\u0105 lini\u0105 ramion pi\u0119knie uk\u0142ada si\u0119 na sylwetce, a spodnie z elastyczn\u0105 gumk\u0105 w pasie gwarantuj\u0105 wygod\u0119 i swobod\u0119 ruch\u00f3w. Idealny wyb\u00f3r na codzienne stylizacje w modnym, minimalistycznym wydaniu. Sk\u0142ad: 95% bawe\u0142na. Bluza * D\u0142ugo\u015b\u0107 ca\u0142kowita: 40 cm * Obw\u00f3d w biu\u015bcie: 120 [&hellip;]<\/p>\n","protected":false},"featured_media":8719,"comment_status":"open","ping_status":"closed","template":"","meta":{"_acf_changed":false},"pwb-brand":[],"product_brand":[],"product_cat":[226],"product_tag":[],"class_list":{"0":"post-8922","1":"product","2":"type-product","3":"status-publish","4":"has-post-thumbnail","6":"product_cat-komplety","8":"first","9":"instock","10":"taxable","11":"shipping-taxable","12":"purchasable","13":"product-type-variable"},"acf":[],"brands":[],"_links":{"self":[{"href":"https:\/\/test.wa-wi.pl\/index.php\/wp-json\/wp\/v2\/product\/8922","targetHints":{"allow":["GET"]}}],"collection":[{"href":"https:\/\/test.wa-wi.pl\/index.php\/wp-json\/wp\/v2\/product"}],"about":[{"href":"https:\/\/test.wa-wi.pl\/index.php\/wp-json\/wp\/v2\/types\/product"}],"replies":[{"embeddable":true,"href":"https:\/\/test.wa-wi.pl\/index.php\/wp-json\/wp\/v2\/comments?post=8922"}],"wp:featuredmedia":[{"embeddable":true,"href":"https:\/\/test.wa-wi.pl\/index.php\/wp-json\/wp\/v2\/media\/8719"}],"wp:attachment":[{"href":"https:\/\/test.wa-wi.pl\/index.php\/wp-json\/wp\/v2\/media?parent=8922"}],"wp:term":[{"taxonomy":"pwb-brand","embeddable":true,"href":"https:\/\/test.wa-wi.pl\/index.php\/wp-json\/wp\/v2\/pwb-brand?post=8922"},{"taxonomy":"product_brand","embeddable":true,"href":"https:\/\/test.wa-wi.pl\/index.php\/wp-json\/wp\/v2\/product_brand?post=8922"},{"taxonomy":"product_cat","embeddable":true,"href":"https:\/\/test.wa-wi.pl\/index.php\/wp-json\/wp\/v2\/product_cat?post=8922"},{"taxonomy":"product_tag","embeddable":true,"href":"https:\/\/test.wa-wi.pl\/index.php\/wp-json\/wp\/v2\/product_tag?post=8922"}],"curies":[{"name":"wp","href":"https:\/\/api.w.org\/{rel}","templated":true}]}}