{"id":8585,"date":"2026-02-13T23:12:00","date_gmt":"2026-02-13T22:12:00","guid":{"rendered":"https:\/\/test.wa-wi.pl\/?post_type=product&#038;p=8585"},"modified":"2026-02-13T23:13:07","modified_gmt":"2026-02-13T22:13:07","slug":"spodenki-motylki-bezowe","status":"publish","type":"product","link":"https:\/\/test.wa-wi.pl\/index.php\/produkt\/spodenki-motylki-bezowe\/","title":{"rendered":"Spodenki Motylki Be\u017cowe"},"content":{"rendered":"<p>Be\u017cowe spodenki motylki od La Milla to absolutny must-have na lato. Ich lu\u017any, zwiewny fason dodaje lekko\u015bci ka\u017cdej stylizacji, a wysoki stan pi\u0119knie modeluje tali\u0119 i wyd\u0142u\u017ca nogi. Dzi\u0119ki klasycznemu odcieniowi be\u017cu z \u0142atwo\u015bci\u0105 dopasujesz je do ulubionego topu czy koszuli. To idealne po\u0142\u0105czenie wygody i kobiecego stylu, w kt\u00f3rym poczujesz si\u0119 swobodnie i z klas\u0105.<\/p>\n<p>Rozmiar XS:<\/p>\n<p>D\u0142ugo\u015b\u0107 ca\u0142kowita \u2013 33 cm<br \/>\nD\u0142ugo\u015b\u0107 nogawki od kroku \u2013 9 cm<br \/>\nWysoko\u015b\u0107 stanu prz\u00f3d \u2013 28 cm<br \/>\nSzeroko\u015b\u0107 w pasie \u2013 31 cm<br \/>\nSzeroko\u015b\u0107 w biodrach \u2013 46 cm<\/p>\n<p>Rozmiar S:<\/p>\n<p>D\u0142ugo\u015b\u0107 ca\u0142kowita \u2013 34 cm<br \/>\nD\u0142ugo\u015b\u0107 nogawki od kroku \u2013 9 cm<br \/>\nWysoko\u015b\u0107 stanu prz\u00f3d \u2013 29 cm<br \/>\nSzeroko\u015b\u0107 w pasie \u2013 32 cm<br \/>\nSzeroko\u015b\u0107 w biodrach \u2013 47 cm<\/p>\n<p>Rozmiar M:<\/p>\n<p>D\u0142ugo\u015b\u0107 ca\u0142kowita \u2013 35 cm<br \/>\nD\u0142ugo\u015b\u0107 nogawki od kroku \u2013 9 cm<br \/>\nWysoko\u015b\u0107. stanu prz\u00f3d \u2013 30 cm<br \/>\nSzeroko\u015b\u0107 w pasie \u2013 33 cm<br \/>\nSzeroko\u015b\u0107 w biodrach \u2013 48 cm<\/p>\n<p>Rozmiar L:<\/p>\n<p>D\u0142ugo\u015b\u0107 ca\u0142kowita \u2013 35 cm<br \/>\nD\u0142ugo\u015b\u0107 nogawki od kroku \u2013 9 cm<br \/>\nWysoko\u015b\u0107 stanu prz\u00f3d \u2013 30 cm<br \/>\nSzeroko\u015b\u0107 w pasie \u2013 34 cm<br \/>\nSzeroko\u015b\u0107 w biodrach \u2013 49 cm<\/p>\n<p>Sk\u0142ad: 95% wiskoza, 5% elastan<\/p>\n<p>&nbsp;<\/p>\n<p>Ubrania mierzone na p\u0142asko. Poszczeg\u00f3lne wymiary mog\u0105 r\u00f3\u017cni\u0107 si\u0119 +\/-2 cm.<\/p>\n","protected":false},"excerpt":{"rendered":"<p>Be\u017cowe spodenki motylki od La Milla to absolutny must-have na lato. Ich lu\u017any, zwiewny fason dodaje lekko\u015bci ka\u017cdej stylizacji, a wysoki stan pi\u0119knie modeluje tali\u0119 i wyd\u0142u\u017ca nogi. Dzi\u0119ki klasycznemu odcieniowi be\u017cu z \u0142atwo\u015bci\u0105 dopasujesz je do ulubionego topu czy koszuli. To idealne po\u0142\u0105czenie wygody i kobiecego stylu, w kt\u00f3rym poczujesz si\u0119 swobodnie i z [&hellip;]<\/p>\n","protected":false},"featured_media":8511,"comment_status":"open","ping_status":"closed","template":"","meta":{"_acf_changed":false},"pwb-brand":[],"product_brand":[],"product_cat":[207],"product_tag":[],"class_list":{"0":"post-8585","1":"product","2":"type-product","3":"status-publish","4":"has-post-thumbnail","6":"product_cat-spodenki","8":"first","9":"instock","10":"taxable","11":"shipping-taxable","12":"purchasable","13":"product-type-variable"},"acf":[],"brands":[],"_links":{"self":[{"href":"https:\/\/test.wa-wi.pl\/index.php\/wp-json\/wp\/v2\/product\/8585","targetHints":{"allow":["GET"]}}],"collection":[{"href":"https:\/\/test.wa-wi.pl\/index.php\/wp-json\/wp\/v2\/product"}],"about":[{"href":"https:\/\/test.wa-wi.pl\/index.php\/wp-json\/wp\/v2\/types\/product"}],"replies":[{"embeddable":true,"href":"https:\/\/test.wa-wi.pl\/index.php\/wp-json\/wp\/v2\/comments?post=8585"}],"wp:featuredmedia":[{"embeddable":true,"href":"https:\/\/test.wa-wi.pl\/index.php\/wp-json\/wp\/v2\/media\/8511"}],"wp:attachment":[{"href":"https:\/\/test.wa-wi.pl\/index.php\/wp-json\/wp\/v2\/media?parent=8585"}],"wp:term":[{"taxonomy":"pwb-brand","embeddable":true,"href":"https:\/\/test.wa-wi.pl\/index.php\/wp-json\/wp\/v2\/pwb-brand?post=8585"},{"taxonomy":"product_brand","embeddable":true,"href":"https:\/\/test.wa-wi.pl\/index.php\/wp-json\/wp\/v2\/product_brand?post=8585"},{"taxonomy":"product_cat","embeddable":true,"href":"https:\/\/test.wa-wi.pl\/index.php\/wp-json\/wp\/v2\/product_cat?post=8585"},{"taxonomy":"product_tag","embeddable":true,"href":"https:\/\/test.wa-wi.pl\/index.php\/wp-json\/wp\/v2\/product_tag?post=8585"}],"curies":[{"name":"wp","href":"https:\/\/api.w.org\/{rel}","templated":true}]}}