{"id":8576,"date":"2026-02-13T22:48:42","date_gmt":"2026-02-13T21:48:42","guid":{"rendered":"https:\/\/test.wa-wi.pl\/?post_type=product&#038;p=8576"},"modified":"2026-02-22T19:16:46","modified_gmt":"2026-02-22T18:16:46","slug":"koszula-la-milla-orange","status":"publish","type":"product","link":"https:\/\/test.wa-wi.pl\/index.php\/produkt\/koszula-la-milla-orange\/","title":{"rendered":"Koszula La Milla Orange"},"content":{"rendered":"<p>Ta energetyczna koszula oversize z wysokiej jako\u015bci przewiewnej bawe\u0142ny to idealna baza odwa\u017cnych miejskich stylizacji. Intensywny pomara\u0144czowy odcie\u0144 zestawiono z klasycznym ko\u0142nierzykiem oraz d\u0142ugimi r\u0119kawami z szerokimi mankietami, co nadaje ca\u0142o\u015bci nowoczesnego wyrazu. Praktyczna kiesze\u0144 z subtelnym czarnym tr\u00f3jk\u0105tem stanowi intryguj\u0105cy detal, a dopasowane kolorystycznie guziki pozwalaj\u0105 nosi\u0107 model klasycznie lub jako lu\u017an\u0105 narzutk\u0119.<\/p>\n<p>Sk\u0142ad materia\u0142u:<br \/>\n95% wiskoza 5% elastan<\/p>\n<p>Wymiary:<\/p>\n<p>D\u0142ugo\u015b\u0107 ca\u0142kowita \u2013 78 cm<br \/>\nSzeroko\u015b\u0107 w ramionach \u2013 66 cm<br \/>\nSzeroko\u015b\u0107 od pachy do pachy \u2013 65 cm<br \/>\nSzeroko\u015b\u0107 w talii \u2013 65 cm<br \/>\nD\u0142ugo\u015b\u0107 r\u0119kawa od pachy \u2013 50 cm<\/p>\n<p>Ubrania mierzone na p\u0142asko! Poszczeg\u00f3lne wymiary mog\u0105 r\u00f3\u017cni\u0107 si\u0119 +\/- 2 cm.<\/p>\n","protected":false},"excerpt":{"rendered":"<p>Ta energetyczna koszula oversize z wysokiej jako\u015bci przewiewnej bawe\u0142ny to idealna baza odwa\u017cnych miejskich stylizacji. Intensywny pomara\u0144czowy odcie\u0144 zestawiono z klasycznym ko\u0142nierzykiem oraz d\u0142ugimi r\u0119kawami z szerokimi mankietami, co nadaje ca\u0142o\u015bci nowoczesnego wyrazu. Praktyczna kiesze\u0144 z subtelnym czarnym tr\u00f3jk\u0105tem stanowi intryguj\u0105cy detal, a dopasowane kolorystycznie guziki pozwalaj\u0105 nosi\u0107 model klasycznie lub jako lu\u017an\u0105 narzutk\u0119. Sk\u0142ad [&hellip;]<\/p>\n","protected":false},"featured_media":8499,"comment_status":"open","ping_status":"closed","template":"","meta":{"_acf_changed":false},"pwb-brand":[],"product_brand":[],"product_cat":[249,181],"product_tag":[],"class_list":{"0":"post-8576","1":"product","2":"type-product","3":"status-publish","4":"has-post-thumbnail","6":"product_cat-koszule","7":"product_cat-strona-glowna","9":"first","10":"instock","11":"taxable","12":"shipping-taxable","13":"purchasable","14":"product-type-variable"},"acf":[],"brands":[],"_links":{"self":[{"href":"https:\/\/test.wa-wi.pl\/index.php\/wp-json\/wp\/v2\/product\/8576","targetHints":{"allow":["GET"]}}],"collection":[{"href":"https:\/\/test.wa-wi.pl\/index.php\/wp-json\/wp\/v2\/product"}],"about":[{"href":"https:\/\/test.wa-wi.pl\/index.php\/wp-json\/wp\/v2\/types\/product"}],"replies":[{"embeddable":true,"href":"https:\/\/test.wa-wi.pl\/index.php\/wp-json\/wp\/v2\/comments?post=8576"}],"wp:featuredmedia":[{"embeddable":true,"href":"https:\/\/test.wa-wi.pl\/index.php\/wp-json\/wp\/v2\/media\/8499"}],"wp:attachment":[{"href":"https:\/\/test.wa-wi.pl\/index.php\/wp-json\/wp\/v2\/media?parent=8576"}],"wp:term":[{"taxonomy":"pwb-brand","embeddable":true,"href":"https:\/\/test.wa-wi.pl\/index.php\/wp-json\/wp\/v2\/pwb-brand?post=8576"},{"taxonomy":"product_brand","embeddable":true,"href":"https:\/\/test.wa-wi.pl\/index.php\/wp-json\/wp\/v2\/product_brand?post=8576"},{"taxonomy":"product_cat","embeddable":true,"href":"https:\/\/test.wa-wi.pl\/index.php\/wp-json\/wp\/v2\/product_cat?post=8576"},{"taxonomy":"product_tag","embeddable":true,"href":"https:\/\/test.wa-wi.pl\/index.php\/wp-json\/wp\/v2\/product_tag?post=8576"}],"curies":[{"name":"wp","href":"https:\/\/api.w.org\/{rel}","templated":true}]}}