{"id":8471,"date":"2026-02-11T10:04:09","date_gmt":"2026-02-11T09:04:09","guid":{"rendered":"https:\/\/test.wa-wi.pl\/?post_type=product&#038;p=8471"},"modified":"2026-02-11T23:15:27","modified_gmt":"2026-02-11T22:15:27","slug":"bluza-przedluzana-la-coca","status":"publish","type":"product","link":"https:\/\/test.wa-wi.pl\/index.php\/produkt\/bluza-przedluzana-la-coca\/","title":{"rendered":"Bluza przed\u0142u\u017cana La Coca"},"content":{"rendered":"<p>Postaw na miejski szyk z przed\u0142u\u017can\u0105 bluz\u0105 od firmy LA COCA.<br \/>\nTo idealny wyb\u00f3r dla fanek nowoczesnego, lu\u017anego stylu na co dzie\u0144.<br \/>\nModel posiada praktyczne kieszenie, zapi\u0119cie na suwak, wygodny kaptur oraz haftowane logo firmy na piersi. Dzi\u0119ki zastosowaniu funkcjonalnych stoper\u00f3w, mo\u017cesz dowolnie modyfikowa\u0107 szeroko\u015b\u0107 jak i d\u0142ugo\u015b\u0107, dopasowuj\u0105c bluz\u0119 do w\u0142asnych upodoba\u0144.<\/p>\n<p>Wymiary:<br \/>\nd\u0142ugo\u015b\u0107 ca\u0142kowita-75cm<br \/>\nszeroko\u015b\u0107 pod pachami-68cm<br \/>\nSk\u0142ad:<br \/>\n95% bawe\u0142na<br \/>\n5% elastan<\/p>\n<p>Wymiary mog\u0105 r\u00f3\u017cni\u0107 si\u0119 +\/- 2 cm.<\/p>\n","protected":false},"excerpt":{"rendered":"<p>Postaw na miejski szyk z przed\u0142u\u017can\u0105 bluz\u0105 od firmy LA COCA. To idealny wyb\u00f3r dla fanek nowoczesnego, lu\u017anego stylu na co dzie\u0144. Model posiada praktyczne kieszenie, zapi\u0119cie na suwak, wygodny kaptur oraz haftowane logo firmy na piersi. Dzi\u0119ki zastosowaniu funkcjonalnych stoper\u00f3w, mo\u017cesz dowolnie modyfikowa\u0107 szeroko\u015b\u0107 jak i d\u0142ugo\u015b\u0107, dopasowuj\u0105c bluz\u0119 do w\u0142asnych upodoba\u0144. Wymiary: d\u0142ugo\u015b\u0107 [&hellip;]<\/p>\n","protected":false},"featured_media":8371,"comment_status":"open","ping_status":"closed","template":"","meta":{"_acf_changed":false},"pwb-brand":[],"product_brand":[],"product_cat":[222],"product_tag":[],"class_list":{"0":"post-8471","1":"product","2":"type-product","3":"status-publish","4":"has-post-thumbnail","6":"product_cat-bluzy","8":"first","9":"instock","10":"taxable","11":"shipping-taxable","12":"purchasable","13":"product-type-variable"},"acf":[],"brands":[],"_links":{"self":[{"href":"https:\/\/test.wa-wi.pl\/index.php\/wp-json\/wp\/v2\/product\/8471","targetHints":{"allow":["GET"]}}],"collection":[{"href":"https:\/\/test.wa-wi.pl\/index.php\/wp-json\/wp\/v2\/product"}],"about":[{"href":"https:\/\/test.wa-wi.pl\/index.php\/wp-json\/wp\/v2\/types\/product"}],"replies":[{"embeddable":true,"href":"https:\/\/test.wa-wi.pl\/index.php\/wp-json\/wp\/v2\/comments?post=8471"}],"wp:featuredmedia":[{"embeddable":true,"href":"https:\/\/test.wa-wi.pl\/index.php\/wp-json\/wp\/v2\/media\/8371"}],"wp:attachment":[{"href":"https:\/\/test.wa-wi.pl\/index.php\/wp-json\/wp\/v2\/media?parent=8471"}],"wp:term":[{"taxonomy":"pwb-brand","embeddable":true,"href":"https:\/\/test.wa-wi.pl\/index.php\/wp-json\/wp\/v2\/pwb-brand?post=8471"},{"taxonomy":"product_brand","embeddable":true,"href":"https:\/\/test.wa-wi.pl\/index.php\/wp-json\/wp\/v2\/product_brand?post=8471"},{"taxonomy":"product_cat","embeddable":true,"href":"https:\/\/test.wa-wi.pl\/index.php\/wp-json\/wp\/v2\/product_cat?post=8471"},{"taxonomy":"product_tag","embeddable":true,"href":"https:\/\/test.wa-wi.pl\/index.php\/wp-json\/wp\/v2\/product_tag?post=8471"}],"curies":[{"name":"wp","href":"https:\/\/api.w.org\/{rel}","templated":true}]}}