{"id":8467,"date":"2026-02-11T09:55:48","date_gmt":"2026-02-11T08:55:48","guid":{"rendered":"https:\/\/test.wa-wi.pl\/?post_type=product&#038;p=8467"},"modified":"2026-02-11T09:55:48","modified_gmt":"2026-02-11T08:55:48","slug":"koszula-w-krate-la-milla-2","status":"publish","type":"product","link":"https:\/\/test.wa-wi.pl\/index.php\/produkt\/koszula-w-krate-la-milla-2\/","title":{"rendered":"Koszula w krat\u0119 La Milla"},"content":{"rendered":"<p>Stylowa koszula oversize od La Milla, najwy\u017csza jako\u015b\u0107 wykonania. Model o lu\u017anym kroju z d\u0142ugim r\u0119kawem i eleganckim ko\u0142nierzykiem, kt\u00f3ry nie kr\u0119puje ruch\u00f3w. Uszyta z mi\u0119kkiej, oddychaj\u0105cej bawe\u0142ny z subtelnym logo na kieszonce. Idealna dla fanek komfortu w wydaniu premium.<br \/>\nRozmiar: Uniwersalny (XS-XL)<\/p>\n<p>Sk\u0142ad: 95% bawe\u0142na, 5% elastan<\/p>\n<p>Wymiary (na p\u0142asko):<br \/>\nbiust 65 cm,<br \/>\nd\u0142ugo\u015b\u0107 70 cm,<br \/>\nr\u0119kaw 50 cm.<\/p>\n","protected":false},"excerpt":{"rendered":"<p>Stylowa koszula oversize od La Milla, najwy\u017csza jako\u015b\u0107 wykonania. Model o lu\u017anym kroju z d\u0142ugim r\u0119kawem i eleganckim ko\u0142nierzykiem, kt\u00f3ry nie kr\u0119puje ruch\u00f3w. Uszyta z mi\u0119kkiej, oddychaj\u0105cej bawe\u0142ny z subtelnym logo na kieszonce. Idealna dla fanek komfortu w wydaniu premium. Rozmiar: Uniwersalny (XS-XL) Sk\u0142ad: 95% bawe\u0142na, 5% elastan Wymiary (na p\u0142asko): biust 65 cm, d\u0142ugo\u015b\u0107 [&hellip;]<\/p>\n","protected":false},"featured_media":8290,"comment_status":"open","ping_status":"closed","template":"","meta":{"_acf_changed":false},"pwb-brand":[],"product_brand":[],"product_cat":[202],"product_tag":[],"class_list":{"0":"post-8467","1":"product","2":"type-product","3":"status-publish","4":"has-post-thumbnail","6":"product_cat-bluzki","8":"first","9":"instock","10":"taxable","11":"shipping-taxable","12":"purchasable","13":"product-type-variable"},"acf":[],"brands":[],"_links":{"self":[{"href":"https:\/\/test.wa-wi.pl\/index.php\/wp-json\/wp\/v2\/product\/8467","targetHints":{"allow":["GET"]}}],"collection":[{"href":"https:\/\/test.wa-wi.pl\/index.php\/wp-json\/wp\/v2\/product"}],"about":[{"href":"https:\/\/test.wa-wi.pl\/index.php\/wp-json\/wp\/v2\/types\/product"}],"replies":[{"embeddable":true,"href":"https:\/\/test.wa-wi.pl\/index.php\/wp-json\/wp\/v2\/comments?post=8467"}],"wp:featuredmedia":[{"embeddable":true,"href":"https:\/\/test.wa-wi.pl\/index.php\/wp-json\/wp\/v2\/media\/8290"}],"wp:attachment":[{"href":"https:\/\/test.wa-wi.pl\/index.php\/wp-json\/wp\/v2\/media?parent=8467"}],"wp:term":[{"taxonomy":"pwb-brand","embeddable":true,"href":"https:\/\/test.wa-wi.pl\/index.php\/wp-json\/wp\/v2\/pwb-brand?post=8467"},{"taxonomy":"product_brand","embeddable":true,"href":"https:\/\/test.wa-wi.pl\/index.php\/wp-json\/wp\/v2\/product_brand?post=8467"},{"taxonomy":"product_cat","embeddable":true,"href":"https:\/\/test.wa-wi.pl\/index.php\/wp-json\/wp\/v2\/product_cat?post=8467"},{"taxonomy":"product_tag","embeddable":true,"href":"https:\/\/test.wa-wi.pl\/index.php\/wp-json\/wp\/v2\/product_tag?post=8467"}],"curies":[{"name":"wp","href":"https:\/\/api.w.org\/{rel}","templated":true}]}}