{"id":8425,"date":"2026-02-10T22:10:02","date_gmt":"2026-02-10T21:10:02","guid":{"rendered":"https:\/\/test.wa-wi.pl\/?post_type=product&#038;p=8425"},"modified":"2026-02-10T22:10:02","modified_gmt":"2026-02-10T21:10:02","slug":"bluza-ze-sciagaczem-bloom-lavestino","status":"publish","type":"product","link":"https:\/\/test.wa-wi.pl\/index.php\/produkt\/bluza-ze-sciagaczem-bloom-lavestino\/","title":{"rendered":"Bluza ze \u015bci\u0105gaczem Bloom Lavestino"},"content":{"rendered":"<div class=\"Y3BBE\" data-sfc-cp=\"\" data-hveid=\"CAEIAxAA\" data-complete=\"true\" data-processed=\"true\">\u00a0Zapomnij o nudnych dresach \u2013 model <strong class=\"Yjhzub\" data-complete=\"true\" data-processed=\"true\">BLOOM<\/strong>\u00a0od\u00a0<strong class=\"Yjhzub\" data-complete=\"true\" data-processed=\"true\">Lavestino<\/strong>\u00a0robi ca\u0142\u0105 robot\u0119 za Ciebie.<\/div>\n<div class=\"Y3BBE\" data-sfc-cp=\"\" data-hveid=\"CAEIBBAA\" data-complete=\"true\" data-processed=\"true\" aria-owns=\"action-menu-parent-container\">\u2728\u00a0<strong class=\"Yjhzub\" data-complete=\"true\" data-processed=\"true\">Print w r\u00f3\u017ce<\/strong>\u00a0= romantyczny vibe w nowoczesnym, drapie\u017cnym wydaniu.<br data-serialized-params=\"[]\" data-complete=\"true\" data-processed=\"true\" \/>\u2728\u00a0<strong class=\"Yjhzub\" data-complete=\"true\" data-processed=\"true\">Kr\u00f3j Oversize &amp; Bufki<\/strong>\u00a0= ob\u0142\u0119dna obj\u0119to\u015b\u0107 i najmodniejszy fason sezonu.<br data-serialized-params=\"[]\" data-complete=\"true\" data-processed=\"true\" \/>\u2728\u00a0<strong class=\"Yjhzub\" data-complete=\"true\" data-processed=\"true\">Bawe\u0142na Premium<\/strong>\u00a0= 95% naturalnego sk\u0142adu, zero prze\u015bwitywania i 100% komfortu.<\/p>\n<p>Wymiary:<br \/>\nd\u0142ugo\u015b\u0107 r\u0119kawa od dekoltu\u00a084cm<\/p>\n<p>d\u0142ugo\u015b\u0107 r\u0119kawa od pachy\u00a046cm<\/p>\n<p>szeroko\u015b\u0107 mi\u0119dzy pachami 90cm x2<\/p>\n<p>szeroko\u015b\u0107 na dole 78cm x2<\/p>\n<p>d\u0142ugo\u015b\u0107 54cm<\/p>\n<\/div>\n","protected":false},"excerpt":{"rendered":"<p>\u00a0Zapomnij o nudnych dresach \u2013 model BLOOM\u00a0od\u00a0Lavestino\u00a0robi ca\u0142\u0105 robot\u0119 za Ciebie. \u2728\u00a0Print w r\u00f3\u017ce\u00a0= romantyczny vibe w nowoczesnym, drapie\u017cnym wydaniu.\u2728\u00a0Kr\u00f3j Oversize &amp; Bufki\u00a0= ob\u0142\u0119dna obj\u0119to\u015b\u0107 i najmodniejszy fason sezonu.\u2728\u00a0Bawe\u0142na Premium\u00a0= 95% naturalnego sk\u0142adu, zero prze\u015bwitywania i 100% komfortu. Wymiary: d\u0142ugo\u015b\u0107 r\u0119kawa od dekoltu\u00a084cm d\u0142ugo\u015b\u0107 r\u0119kawa od pachy\u00a046cm szeroko\u015b\u0107 mi\u0119dzy pachami 90cm x2 szeroko\u015b\u0107 na dole [&hellip;]<\/p>\n","protected":false},"featured_media":8192,"comment_status":"open","ping_status":"closed","template":"","meta":{"_acf_changed":false},"pwb-brand":[],"product_brand":[],"product_cat":[222],"product_tag":[],"class_list":{"0":"post-8425","1":"product","2":"type-product","3":"status-publish","4":"has-post-thumbnail","6":"product_cat-bluzy","8":"first","9":"instock","10":"sale","11":"taxable","12":"shipping-taxable","13":"purchasable","14":"product-type-variable"},"acf":[],"brands":[],"_links":{"self":[{"href":"https:\/\/test.wa-wi.pl\/index.php\/wp-json\/wp\/v2\/product\/8425","targetHints":{"allow":["GET"]}}],"collection":[{"href":"https:\/\/test.wa-wi.pl\/index.php\/wp-json\/wp\/v2\/product"}],"about":[{"href":"https:\/\/test.wa-wi.pl\/index.php\/wp-json\/wp\/v2\/types\/product"}],"replies":[{"embeddable":true,"href":"https:\/\/test.wa-wi.pl\/index.php\/wp-json\/wp\/v2\/comments?post=8425"}],"wp:featuredmedia":[{"embeddable":true,"href":"https:\/\/test.wa-wi.pl\/index.php\/wp-json\/wp\/v2\/media\/8192"}],"wp:attachment":[{"href":"https:\/\/test.wa-wi.pl\/index.php\/wp-json\/wp\/v2\/media?parent=8425"}],"wp:term":[{"taxonomy":"pwb-brand","embeddable":true,"href":"https:\/\/test.wa-wi.pl\/index.php\/wp-json\/wp\/v2\/pwb-brand?post=8425"},{"taxonomy":"product_brand","embeddable":true,"href":"https:\/\/test.wa-wi.pl\/index.php\/wp-json\/wp\/v2\/product_brand?post=8425"},{"taxonomy":"product_cat","embeddable":true,"href":"https:\/\/test.wa-wi.pl\/index.php\/wp-json\/wp\/v2\/product_cat?post=8425"},{"taxonomy":"product_tag","embeddable":true,"href":"https:\/\/test.wa-wi.pl\/index.php\/wp-json\/wp\/v2\/product_tag?post=8425"}],"curies":[{"name":"wp","href":"https:\/\/api.w.org\/{rel}","templated":true}]}}